{"id":22665,"date":"2023-02-27T11:47:02","date_gmt":"2023-02-27T10:47:02","guid":{"rendered":"https:\/\/old-vianden.digitalvision.lu\/?page_id=22665"},"modified":"2023-02-27T11:47:02","modified_gmt":"2023-02-27T10:47:02","slug":"reunion-du-conseil-communal-le-vendredi-24-fevrier-2023","status":"publish","type":"page","link":"https:\/\/old-vianden.digitalvision.lu\/?page_id=22665","title":{"rendered":"R\u00e9union du Conseil Communal \u00a0le vendredi 24 f\u00e9vrier 2023"},"content":{"rendered":"<div class=\"wpb-content-wrapper\"><p>[vc_row][vc_column][vc_column_text]<strong>Conseil Communal \u00a0le vendredi 24 f\u00e9vrier 2023 \u00e0 15h30 heures<span class=\"Apple-converted-space\"> Centre Culturel Larei en la salle Bessling<\/span><\/strong><\/p>\n<p>Pr\u00e9sents: TONINO Claude, bourgmestre, ESTEVES Kevin, \u00e9chevin \u2013 \u00a0KLASEN Jengel, \u00e9chevin \u2013 \u00a0 MAJERUS Henri, DINIS ANDRADE C\u00e9sar, LEONARDY Frank, \u00a0conseillers<\/p>\n<p>Excus\u00e9s: \u00a0Joe HEINTZEN, MALERBA Paolo, conseillers<\/p>\n<p>Pol SCHAUS, secr\u00e9taire[\/vc_column_text][\/vc_column][\/vc_row][vc_row][vc_column][vc_text_separator title=&#8221;ORDRE DU JOUR&#8221;][\/vc_column][\/vc_row][vc_row][vc_column][vc_empty_space][\/vc_column][\/vc_row][vc_row][vc_column][vc_column_text]<strong>Mot de bienvenue et modification de l\u2019ordre du jour<\/strong><\/p>\n<!--[if lt IE 9]><script>document.createElement('audio');<\/script><![endif]-->\n<audio class=\"wp-audio-shortcode\" id=\"audio-22665-1\" preload=\"none\" style=\"width: 100%;\" controls=\"controls\"><source type=\"audio\/mpeg\" src=\"https:\/\/old-vianden.digitalvision.lu\/wp-content\/uploads\/2023\/02\/Modif_ODJ.mp3?_=1\" \/><a href=\"https:\/\/old-vianden.digitalvision.lu\/wp-content\/uploads\/2023\/02\/Modif_ODJ.mp3\">https:\/\/old-vianden.digitalvision.lu\/wp-content\/uploads\/2023\/02\/Modif_ODJ.mp3<\/a><\/audio>\n<p>[\/vc_column_text][vc_empty_space][\/vc_column][\/vc_row][vc_row][vc_column][vc_column_text]<strong>1. Communication du coll\u00e8ge \u00e9chevinal<\/strong><\/p>\n<audio class=\"wp-audio-shortcode\" id=\"audio-22665-2\" preload=\"none\" style=\"width: 100%;\" controls=\"controls\"><source type=\"audio\/mpeg\" src=\"https:\/\/old-vianden.digitalvision.lu\/wp-content\/uploads\/2023\/02\/P1-Communication-du-CE.mp3?_=2\" \/><a href=\"https:\/\/old-vianden.digitalvision.lu\/wp-content\/uploads\/2023\/02\/P1-Communication-du-CE.mp3\">https:\/\/old-vianden.digitalvision.lu\/wp-content\/uploads\/2023\/02\/P1-Communication-du-CE.mp3<\/a><\/audio>\n<p>[\/vc_column_text][vc_empty_space][\/vc_column][\/vc_row][vc_row][vc_column][vc_column_text]<strong>2. Approbation de l&#8217;acte notari\u00e9 pour l&#8217;acquisition d&#8217;un immeuble<\/strong><\/p>\n<audio class=\"wp-audio-shortcode\" id=\"audio-22665-3\" preload=\"none\" style=\"width: 100%;\" controls=\"controls\"><source type=\"audio\/mpeg\" src=\"https:\/\/old-vianden.digitalvision.lu\/wp-content\/uploads\/2023\/02\/P3_Acte-notarie-Maison-thill.mp3?_=3\" \/><a href=\"https:\/\/old-vianden.digitalvision.lu\/wp-content\/uploads\/2023\/02\/P3_Acte-notarie-Maison-thill.mp3\">https:\/\/old-vianden.digitalvision.lu\/wp-content\/uploads\/2023\/02\/P3_Acte-notarie-Maison-thill.mp3<\/a><\/audio>\n<p>[\/vc_column_text][vc_empty_space][\/vc_column][\/vc_row][vc_row][vc_column][vc_column_text]<strong>3. Approbation des tarifs du t\u00e9l\u00e9si\u00e8ge<\/strong><\/p>\n<audio class=\"wp-audio-shortcode\" id=\"audio-22665-4\" preload=\"none\" style=\"width: 100%;\" controls=\"controls\"><source type=\"audio\/mpeg\" src=\"https:\/\/old-vianden.digitalvision.lu\/wp-content\/uploads\/2023\/02\/p4_Tarifs_telesiege_2023.mp3?_=4\" \/><a href=\"https:\/\/old-vianden.digitalvision.lu\/wp-content\/uploads\/2023\/02\/p4_Tarifs_telesiege_2023.mp3\">https:\/\/old-vianden.digitalvision.lu\/wp-content\/uploads\/2023\/02\/p4_Tarifs_telesiege_2023.mp3<\/a><\/audio>\n<p>[\/vc_column_text][vc_empty_space][\/vc_column][\/vc_row][vc_row][vc_column][vc_column_text]<strong>4. Approbation d&#8217;un subside extraordinaire pour l&#8217;enl\u00e8vement d&#8217;arbres au Schloossb\u00e4rig<\/strong><\/p>\n<audio class=\"wp-audio-shortcode\" id=\"audio-22665-5\" preload=\"none\" style=\"width: 100%;\" controls=\"controls\"><source type=\"audio\/mpeg\" src=\"https:\/\/old-vianden.digitalvision.lu\/wp-content\/uploads\/2023\/02\/P6_Subside_enlevement_arbres_Schloossbaerig.mp3?_=5\" \/><a href=\"https:\/\/old-vianden.digitalvision.lu\/wp-content\/uploads\/2023\/02\/P6_Subside_enlevement_arbres_Schloossbaerig.mp3\">https:\/\/old-vianden.digitalvision.lu\/wp-content\/uploads\/2023\/02\/P6_Subside_enlevement_arbres_Schloossbaerig.mp3<\/a><\/audio>\n<p>[\/vc_column_text][vc_empty_space][\/vc_column][\/vc_row][vc_row][vc_column][vc_column_text]<strong>5. Modifications budg\u00e9taires<\/strong><\/p>\n<audio class=\"wp-audio-shortcode\" id=\"audio-22665-6\" preload=\"none\" style=\"width: 100%;\" controls=\"controls\"><source type=\"audio\/mpeg\" src=\"https:\/\/old-vianden.digitalvision.lu\/wp-content\/uploads\/2023\/02\/P7_Modif_Budgetaire.mp3?_=6\" \/><a href=\"https:\/\/old-vianden.digitalvision.lu\/wp-content\/uploads\/2023\/02\/P7_Modif_Budgetaire.mp3\">https:\/\/old-vianden.digitalvision.lu\/wp-content\/uploads\/2023\/02\/P7_Modif_Budgetaire.mp3<\/a><\/audio>\n<p>[\/vc_column_text][vc_empty_space][\/vc_column][\/vc_row][vc_row][vc_column][vc_column_text]<strong>6. Approbation de l&#8217;avenant au contrat de louage avec le CGDIS<\/strong><\/p>\n<audio class=\"wp-audio-shortcode\" id=\"audio-22665-7\" preload=\"none\" style=\"width: 100%;\" controls=\"controls\"><source type=\"audio\/mpeg\" src=\"https:\/\/old-vianden.digitalvision.lu\/wp-content\/uploads\/2023\/02\/P8_Avenenant_contrat-louage-CGDIS.mp3?_=7\" \/><a href=\"https:\/\/old-vianden.digitalvision.lu\/wp-content\/uploads\/2023\/02\/P8_Avenenant_contrat-louage-CGDIS.mp3\">https:\/\/old-vianden.digitalvision.lu\/wp-content\/uploads\/2023\/02\/P8_Avenenant_contrat-louage-CGDIS.mp3<\/a><\/audio>\n<p>[\/vc_column_text][vc_empty_space][\/vc_column][\/vc_row][vc_row][vc_column][vc_column_text]<strong>7. Divers \u2013 Droit d\u2019initiative du conseiller communal, questions e\u0301crites et orales<\/strong><\/p>\n<audio class=\"wp-audio-shortcode\" id=\"audio-22665-8\" preload=\"none\" style=\"width: 100%;\" controls=\"controls\"><source type=\"audio\/mpeg\" src=\"https:\/\/old-vianden.digitalvision.lu\/wp-content\/uploads\/2023\/02\/P9_Divers.mp3?_=8\" \/><a href=\"https:\/\/old-vianden.digitalvision.lu\/wp-content\/uploads\/2023\/02\/P9_Divers.mp3\">https:\/\/old-vianden.digitalvision.lu\/wp-content\/uploads\/2023\/02\/P9_Divers.mp3<\/a><\/audio>\n<p>[\/vc_column_text][\/vc_column][\/vc_row]<\/p>\n<\/div>","protected":false},"excerpt":{"rendered":"<p>[vc_row][vc_column][vc_column_text]Conseil Communal \u00a0le vendredi 24 f\u00e9vrier 2023 \u00e0 15h30 heures Centre Culturel Larei en la salle Bessling Pr\u00e9sents: TONINO Claude, bourgmestre, ESTEVES Kevin, \u00e9chevin \u2013 \u00a0KLASEN Jengel, \u00e9chevin \u2013 \u00a0 MAJERUS Henri, DINIS ANDRADE C\u00e9sar, LEONARDY Frank, \u00a0conseillers Excus\u00e9s: \u00a0Joe HEINTZEN, MALERBA Paolo, conseillers Pol SCHAUS, secr\u00e9taire[\/vc_column_text][\/vc_column][\/vc_row][vc_row][vc_column][vc_text_separator title=&#8221;ORDRE DU JOUR&#8221;][\/vc_column][\/vc_row][vc_row][vc_column][vc_empty_space][\/vc_column][\/vc_row][vc_row][vc_column][vc_column_text]Mot de bienvenue et modification de&hellip;<\/p>\n","protected":false},"author":2,"featured_media":0,"parent":0,"menu_order":0,"comment_status":"closed","ping_status":"closed","template":"","meta":[],"class_list":["post-22665","page","type-page","status-publish","hentry","description-off"],"translation":{"provider":"WPGlobus","version":"2.12.2","language":"de","enabled_languages":["de","fr"],"languages":{"de":{"title":true,"content":true,"excerpt":false},"fr":{"title":false,"content":false,"excerpt":false}}},"publishpress_future_action":{"enabled":false,"date":"2026-04-14 22:45:40","action":"change-status","newStatus":"draft","terms":[],"taxonomy":""},"_links":{"self":[{"href":"https:\/\/old-vianden.digitalvision.lu\/index.php?rest_route=\/wp\/v2\/pages\/22665","targetHints":{"allow":["GET"]}}],"collection":[{"href":"https:\/\/old-vianden.digitalvision.lu\/index.php?rest_route=\/wp\/v2\/pages"}],"about":[{"href":"https:\/\/old-vianden.digitalvision.lu\/index.php?rest_route=\/wp\/v2\/types\/page"}],"author":[{"embeddable":true,"href":"https:\/\/old-vianden.digitalvision.lu\/index.php?rest_route=\/wp\/v2\/users\/2"}],"replies":[{"embeddable":true,"href":"https:\/\/old-vianden.digitalvision.lu\/index.php?rest_route=%2Fwp%2Fv2%2Fcomments&post=22665"}],"version-history":[{"count":3,"href":"https:\/\/old-vianden.digitalvision.lu\/index.php?rest_route=\/wp\/v2\/pages\/22665\/revisions"}],"predecessor-version":[{"id":22676,"href":"https:\/\/old-vianden.digitalvision.lu\/index.php?rest_route=\/wp\/v2\/pages\/22665\/revisions\/22676"}],"wp:attachment":[{"href":"https:\/\/old-vianden.digitalvision.lu\/index.php?rest_route=%2Fwp%2Fv2%2Fmedia&parent=22665"}],"curies":[{"name":"wp","href":"https:\/\/api.w.org\/{rel}","templated":true}]}}