{"id":18741,"date":"2020-07-31T17:02:51","date_gmt":"2020-07-31T15:02:51","guid":{"rendered":"https:\/\/old-vianden.digitalvision.lu\/?page_id=18741"},"modified":"2020-07-31T17:17:49","modified_gmt":"2020-07-31T15:17:49","slug":"reunion-du-conseil-communal-2","status":"publish","type":"page","link":"https:\/\/old-vianden.digitalvision.lu\/?page_id=18741","title":{"rendered":"R\u00e9union du Conseil Communal le jeudi, 30 juillet 2020"},"content":{"rendered":"<div class=\"wpb-content-wrapper\"><p>[vc_row][vc_column][vc_column_text]<\/p>\n<h3 style=\"text-align: center;\">le jeudi, 30 juillet 2020 \u00e0 14:00 heures au Centre Culturel Larei salle Bessling<\/h3>\n<p>[\/vc_column_text][\/vc_column][\/vc_row][vc_row][vc_column][vc_column_text]<\/p>\n<h3 style=\"text-align: center;\">ORDRE DU JOUR<\/h3>\n<p>[\/vc_column_text][\/vc_column][\/vc_row][vc_row][vc_column][vc_column_text]<\/p>\n<ol>\n<li>Etat des restants<\/li>\n<\/ol>\n<!--[if lt IE 9]><script>document.createElement('audio');<\/script><![endif]-->\n<audio class=\"wp-audio-shortcode\" id=\"audio-18741-1\" preload=\"none\" style=\"width: 100%;\" controls=\"controls\"><source type=\"audio\/mpeg\" src=\"https:\/\/old-vianden.digitalvision.lu\/wp-content\/uploads\/2020\/07\/Etat_des_restants_CC29_7_2020_P1.mp3?_=1\" \/><a href=\"https:\/\/old-vianden.digitalvision.lu\/wp-content\/uploads\/2020\/07\/Etat_des_restants_CC29_7_2020_P1.mp3\">https:\/\/old-vianden.digitalvision.lu\/wp-content\/uploads\/2020\/07\/Etat_des_restants_CC29_7_2020_P1.mp3<\/a><\/audio>\n<p>[\/vc_column_text][\/vc_column][\/vc_row][vc_row][vc_column][vc_empty_space height=&#8221;40px&#8221;][\/vc_column][\/vc_row][vc_row][vc_column][\/vc_column][\/vc_row][vc_row][vc_column][vc_column_text]2. Organisation scolaire 2020\/2021<\/p>\n<audio class=\"wp-audio-shortcode\" id=\"audio-18741-2\" preload=\"none\" style=\"width: 100%;\" controls=\"controls\"><source type=\"audio\/mpeg\" src=\"https:\/\/old-vianden.digitalvision.lu\/wp-content\/uploads\/2020\/07\/Organisation-scolaire_20_21_CC29_7_2020_P2.mp3?_=2\" \/><a href=\"https:\/\/old-vianden.digitalvision.lu\/wp-content\/uploads\/2020\/07\/Organisation-scolaire_20_21_CC29_7_2020_P2.mp3\">https:\/\/old-vianden.digitalvision.lu\/wp-content\/uploads\/2020\/07\/Organisation-scolaire_20_21_CC29_7_2020_P2.mp3<\/a><\/audio>\n<p>[\/vc_column_text][vc_empty_space height=&#8221;40px&#8221;][\/vc_column][\/vc_row][vc_row][vc_column][vc_column_text]3. Accord de principe : acquisition immobili\u00e8re<\/p>\n<audio class=\"wp-audio-shortcode\" id=\"audio-18741-3\" preload=\"none\" style=\"width: 100%;\" controls=\"controls\"><source type=\"audio\/mpeg\" src=\"https:\/\/old-vianden.digitalvision.lu\/wp-content\/uploads\/2020\/07\/Accord_de_principe_MR_Vianden_CC29_7_2020_P3.mp3?_=3\" \/><a href=\"https:\/\/old-vianden.digitalvision.lu\/wp-content\/uploads\/2020\/07\/Accord_de_principe_MR_Vianden_CC29_7_2020_P3.mp3\">https:\/\/old-vianden.digitalvision.lu\/wp-content\/uploads\/2020\/07\/Accord_de_principe_MR_Vianden_CC29_7_2020_P3.mp3<\/a><\/audio>\n<p>[\/vc_column_text][vc_empty_space height=&#8221;40px&#8221;][\/vc_column][\/vc_row][vc_row][vc_column][vc_column_text]4. Fixation indemnit\u00e9s<\/p>\n<audio class=\"wp-audio-shortcode\" id=\"audio-18741-4\" preload=\"none\" style=\"width: 100%;\" controls=\"controls\"><source type=\"audio\/mpeg\" src=\"https:\/\/old-vianden.digitalvision.lu\/wp-content\/uploads\/2020\/07\/Fixcation_indemCC29_7_2020_P4.mp3?_=4\" \/><a href=\"https:\/\/old-vianden.digitalvision.lu\/wp-content\/uploads\/2020\/07\/Fixcation_indemCC29_7_2020_P4.mp3\">https:\/\/old-vianden.digitalvision.lu\/wp-content\/uploads\/2020\/07\/Fixcation_indemCC29_7_2020_P4.mp3<\/a><\/audio>\n<p>[\/vc_column_text][vc_empty_space height=&#8221;40px&#8221;][\/vc_column][\/vc_row][vc_row][vc_column][vc_column_text]5. Convention de tranfert de biens meubles<\/p>\n<audio class=\"wp-audio-shortcode\" id=\"audio-18741-5\" preload=\"none\" style=\"width: 100%;\" controls=\"controls\"><source type=\"audio\/mpeg\" src=\"https:\/\/old-vianden.digitalvision.lu\/wp-content\/uploads\/2020\/07\/Convention_CGDIS_CC29_7_2020_P5.mp3?_=5\" \/><a href=\"https:\/\/old-vianden.digitalvision.lu\/wp-content\/uploads\/2020\/07\/Convention_CGDIS_CC29_7_2020_P5.mp3\">https:\/\/old-vianden.digitalvision.lu\/wp-content\/uploads\/2020\/07\/Convention_CGDIS_CC29_7_2020_P5.mp3<\/a><\/audio>\n<p>[\/vc_column_text][vc_empty_space height=&#8221;40px&#8221;][\/vc_column][\/vc_row][vc_row][vc_column][vc_column_text]6. Mesures communales dans le cadre de la crise COVID-19 d\u00e9cision de soutien des commerces locaux par le lancement de bons d&#8217;achat et vote du cr\u00e9dit sp\u00e9cial ordinaire y relatif<\/p>\n<audio class=\"wp-audio-shortcode\" id=\"audio-18741-6\" preload=\"none\" style=\"width: 100%;\" controls=\"controls\"><source type=\"audio\/mpeg\" src=\"https:\/\/old-vianden.digitalvision.lu\/wp-content\/uploads\/2020\/07\/soutien_commerces_CC29_7_2020_P6.mp3?_=6\" \/><a href=\"https:\/\/old-vianden.digitalvision.lu\/wp-content\/uploads\/2020\/07\/soutien_commerces_CC29_7_2020_P6.mp3\">https:\/\/old-vianden.digitalvision.lu\/wp-content\/uploads\/2020\/07\/soutien_commerces_CC29_7_2020_P6.mp3<\/a><\/audio>\n<p>[\/vc_column_text][vc_empty_space height=&#8221;40px&#8221;][\/vc_column][\/vc_row][vc_row][vc_column][vc_column_text]7. Divers &#8211; Droit d&#8217;initiative du conseiller communal, questions \u00e9crites et orales<\/p>\n<p>Question 1<\/p>\n<audio class=\"wp-audio-shortcode\" id=\"audio-18741-7\" preload=\"none\" style=\"width: 100%;\" controls=\"controls\"><source type=\"audio\/mpeg\" src=\"https:\/\/old-vianden.digitalvision.lu\/wp-content\/uploads\/2020\/07\/Divers_droit_initiative_questions_CC29_7_2020_P7_Ques1.mp3?_=7\" \/><a href=\"https:\/\/old-vianden.digitalvision.lu\/wp-content\/uploads\/2020\/07\/Divers_droit_initiative_questions_CC29_7_2020_P7_Ques1.mp3\">https:\/\/old-vianden.digitalvision.lu\/wp-content\/uploads\/2020\/07\/Divers_droit_initiative_questions_CC29_7_2020_P7_Ques1.mp3<\/a><\/audio>\n<p>Question 2<\/p>\n<audio class=\"wp-audio-shortcode\" id=\"audio-18741-8\" preload=\"none\" style=\"width: 100%;\" controls=\"controls\"><source type=\"audio\/mpeg\" src=\"https:\/\/old-vianden.digitalvision.lu\/wp-content\/uploads\/2020\/07\/Divers_droit_initiative_questions_CC29_7_2020_P7_Ques2.mp3?_=8\" \/><a href=\"https:\/\/old-vianden.digitalvision.lu\/wp-content\/uploads\/2020\/07\/Divers_droit_initiative_questions_CC29_7_2020_P7_Ques2.mp3\">https:\/\/old-vianden.digitalvision.lu\/wp-content\/uploads\/2020\/07\/Divers_droit_initiative_questions_CC29_7_2020_P7_Ques2.mp3<\/a><\/audio>\n<p>Question 3<\/p>\n<audio class=\"wp-audio-shortcode\" id=\"audio-18741-9\" preload=\"none\" style=\"width: 100%;\" controls=\"controls\"><source type=\"audio\/mpeg\" src=\"https:\/\/old-vianden.digitalvision.lu\/wp-content\/uploads\/2020\/07\/Divers_droit_initiative_questions_CC29_7_2020_P7_Ques3.mp3?_=9\" \/><a href=\"https:\/\/old-vianden.digitalvision.lu\/wp-content\/uploads\/2020\/07\/Divers_droit_initiative_questions_CC29_7_2020_P7_Ques3.mp3\">https:\/\/old-vianden.digitalvision.lu\/wp-content\/uploads\/2020\/07\/Divers_droit_initiative_questions_CC29_7_2020_P7_Ques3.mp3<\/a><\/audio>\n<p>Question 4<\/p>\n<audio class=\"wp-audio-shortcode\" id=\"audio-18741-10\" preload=\"none\" style=\"width: 100%;\" controls=\"controls\"><source type=\"audio\/mpeg\" src=\"https:\/\/old-vianden.digitalvision.lu\/wp-content\/uploads\/2020\/07\/Divers_droit_initiative_questions_CC29_7_2020_P7_Ques4.mp3?_=10\" \/><a href=\"https:\/\/old-vianden.digitalvision.lu\/wp-content\/uploads\/2020\/07\/Divers_droit_initiative_questions_CC29_7_2020_P7_Ques4.mp3\">https:\/\/old-vianden.digitalvision.lu\/wp-content\/uploads\/2020\/07\/Divers_droit_initiative_questions_CC29_7_2020_P7_Ques4.mp3<\/a><\/audio>\n<p>Question 5<\/p>\n<audio class=\"wp-audio-shortcode\" id=\"audio-18741-11\" preload=\"none\" style=\"width: 100%;\" controls=\"controls\"><source type=\"audio\/mpeg\" src=\"https:\/\/old-vianden.digitalvision.lu\/wp-content\/uploads\/2020\/07\/Divers_droit_initiative_questions_CC29_7_2020_P7_Ques5.mp3?_=11\" \/><a href=\"https:\/\/old-vianden.digitalvision.lu\/wp-content\/uploads\/2020\/07\/Divers_droit_initiative_questions_CC29_7_2020_P7_Ques5.mp3\">https:\/\/old-vianden.digitalvision.lu\/wp-content\/uploads\/2020\/07\/Divers_droit_initiative_questions_CC29_7_2020_P7_Ques5.mp3<\/a><\/audio>\n<p>Question 6<\/p>\n<audio class=\"wp-audio-shortcode\" id=\"audio-18741-12\" preload=\"none\" style=\"width: 100%;\" controls=\"controls\"><source type=\"audio\/mpeg\" src=\"https:\/\/old-vianden.digitalvision.lu\/wp-content\/uploads\/2020\/07\/Divers_droit_initiative_questions_CC29_7_2020_P7_Ques6.mp3?_=12\" \/><a href=\"https:\/\/old-vianden.digitalvision.lu\/wp-content\/uploads\/2020\/07\/Divers_droit_initiative_questions_CC29_7_2020_P7_Ques6.mp3\">https:\/\/old-vianden.digitalvision.lu\/wp-content\/uploads\/2020\/07\/Divers_droit_initiative_questions_CC29_7_2020_P7_Ques6.mp3<\/a><\/audio>\n<p>Question 7<\/p>\n<audio class=\"wp-audio-shortcode\" id=\"audio-18741-13\" preload=\"none\" style=\"width: 100%;\" controls=\"controls\"><source type=\"audio\/mpeg\" src=\"https:\/\/old-vianden.digitalvision.lu\/wp-content\/uploads\/2020\/07\/Divers_droit_initiative_questions_CC29_7_2020_P7_Ques7.mp3?_=13\" \/><a href=\"https:\/\/old-vianden.digitalvision.lu\/wp-content\/uploads\/2020\/07\/Divers_droit_initiative_questions_CC29_7_2020_P7_Ques7.mp3\">https:\/\/old-vianden.digitalvision.lu\/wp-content\/uploads\/2020\/07\/Divers_droit_initiative_questions_CC29_7_2020_P7_Ques7.mp3<\/a><\/audio>\n<p>[\/vc_column_text][\/vc_column][\/vc_row]<\/p>\n<\/div>","protected":false},"excerpt":{"rendered":"<p>[vc_row][vc_column][vc_column_text] le jeudi, 30 juillet 2020 \u00e0 14:00 heures au Centre Culturel Larei salle Bessling [\/vc_column_text][\/vc_column][\/vc_row][vc_row][vc_column][vc_column_text] ORDRE DU JOUR [\/vc_column_text][\/vc_column][\/vc_row][vc_row][vc_column][vc_column_text] Etat des restants [\/vc_column_text][\/vc_column][\/vc_row][vc_row][vc_column][vc_empty_space height=&#8221;40px&#8221;][\/vc_column][\/vc_row][vc_row][vc_column][\/vc_column][\/vc_row][vc_row][vc_column][vc_column_text]2. Organisation scolaire 2020\/2021 [\/vc_column_text][vc_empty_space height=&#8221;40px&#8221;][\/vc_column][\/vc_row][vc_row][vc_column][vc_column_text]3. Accord de principe : acquisition immobili\u00e8re [\/vc_column_text][vc_empty_space height=&#8221;40px&#8221;][\/vc_column][\/vc_row][vc_row][vc_column][vc_column_text]4. Fixation indemnit\u00e9s [\/vc_column_text][vc_empty_space height=&#8221;40px&#8221;][\/vc_column][\/vc_row][vc_row][vc_column][vc_column_text]5. Convention de tranfert de biens meubles [\/vc_column_text][vc_empty_space height=&#8221;40px&#8221;][\/vc_column][\/vc_row][vc_row][vc_column][vc_column_text]6. Mesures communales dans le cadre&hellip;<\/p>\n","protected":false},"author":2,"featured_media":0,"parent":0,"menu_order":0,"comment_status":"closed","ping_status":"closed","template":"","meta":[],"class_list":["post-18741","page","type-page","status-publish","hentry","description-off"],"translation":{"provider":"WPGlobus","version":"2.12.2","language":"de","enabled_languages":["de","fr"],"languages":{"de":{"title":true,"content":true,"excerpt":false},"fr":{"title":false,"content":false,"excerpt":false}}},"publishpress_future_action":{"enabled":false,"date":"2026-04-14 21:23:22","action":"change-status","newStatus":"draft","terms":[],"taxonomy":""},"_links":{"self":[{"href":"https:\/\/old-vianden.digitalvision.lu\/index.php?rest_route=\/wp\/v2\/pages\/18741","targetHints":{"allow":["GET"]}}],"collection":[{"href":"https:\/\/old-vianden.digitalvision.lu\/index.php?rest_route=\/wp\/v2\/pages"}],"about":[{"href":"https:\/\/old-vianden.digitalvision.lu\/index.php?rest_route=\/wp\/v2\/types\/page"}],"author":[{"embeddable":true,"href":"https:\/\/old-vianden.digitalvision.lu\/index.php?rest_route=\/wp\/v2\/users\/2"}],"replies":[{"embeddable":true,"href":"https:\/\/old-vianden.digitalvision.lu\/index.php?rest_route=%2Fwp%2Fv2%2Fcomments&post=18741"}],"version-history":[{"count":4,"href":"https:\/\/old-vianden.digitalvision.lu\/index.php?rest_route=\/wp\/v2\/pages\/18741\/revisions"}],"predecessor-version":[{"id":18762,"href":"https:\/\/old-vianden.digitalvision.lu\/index.php?rest_route=\/wp\/v2\/pages\/18741\/revisions\/18762"}],"wp:attachment":[{"href":"https:\/\/old-vianden.digitalvision.lu\/index.php?rest_route=%2Fwp%2Fv2%2Fmedia&parent=18741"}],"curies":[{"name":"wp","href":"https:\/\/api.w.org\/{rel}","templated":true}]}}