{"id":15389,"date":"2017-12-22T11:56:47","date_gmt":"2017-12-22T10:56:47","guid":{"rendered":"https:\/\/old-vianden.digitalvision.lu\/?page_id=15389"},"modified":"2023-06-05T13:46:49","modified_gmt":"2023-06-05T11:46:49","slug":"gemeindekasse","status":"publish","type":"page","link":"https:\/\/old-vianden.digitalvision.lu\/?page_id=15389","title":{"rendered":"Gemeindekasse"},"content":{"rendered":"<div>\n<h3>Die Gemeindekasse<\/h3>\n<p style=\"text-align: justify;\">Die kommunale Kasse bezahlt die Ausgaben der Stadt und treibt die Einzahlungen ein, die der Stadt beschuldet sind. Es ist im Interesse beider Parteien, Schuldner und Gemeinde, dass alle Zahlungen nach M\u00f6glichkeit per \u00dcberweisung oder Zahlung auf eines der folgenden Konten erfolgen:<\/p>\n<p><strong>CCPL: LU95 1111 0107 0838 0000 \u00a0\u00a0\u00a0\u00a0\u00a0\u00a0\u00a0\u00a0\u00a0\u00a0\u00a0\u00a0\u00a0\u00a0\u00a0\u00a0\u00a0\u00a0 <\/strong><\/p>\n<p><strong>BILL: LU54 0028 1280 1650 0000<br \/>\n<\/strong><\/p>\n<p><strong>BGLL: LU94 0030 0300 4408 0000 \u00a0\u00a0\u00a0\u00a0\u00a0\u00a0\u00a0\u00a0\u00a0\u00a0\u00a0\u00a0\u00a0\u00a0\u00a0\u00a0\u00a0\u00a0\u00a0 <\/strong><\/p>\n<p><strong>BCEE: LU27 0019 4901 0108 0000<br \/>\n<\/strong><\/p>\n<p style=\"text-align: justify;\">Was die regelm\u00e4\u00dfig anfallenden Rechnungen betrifft, wie die Kommunalsteuern oder die Grundsteuern empfehlen wir Ihnen die Zahlungen mittels Dauerauftrags bei unserem Post- Check- Konto oder bei einer Bank ihrer Wahl zu t\u00e4tigen.<\/p>\n<p style=\"text-align: justify;\">Wenn Sie irgendwelche Beschwerden, Schwierigkeiten bei der Zahlung haben, warten Sie nicht bis Nachforschungen angestellt werden. Kontaktieren Sie unser B\u00fcro und wir versuchen\u00a0 eine sofortige L\u00f6sung zu finden .<\/p>\n<p style=\"text-align: justify;\">Tel: 83 48 21 &#8211; 24<\/p>\n<h3>Grundsteuer<\/h3>\n<p style=\"text-align: justify;\">Die Besitzer eines Geb\u00e4udes oder Grundst\u00fcckes, bebaut oder nicht, sind verpflichtet die Grundsteuer zu bezahlen. Es ist die Steuerbeh\u00f6rde die die Sch\u00e4tzung des Geb\u00e4udes und der Gliederungen der Kategorie in der sich das Geb\u00e4ude befindet durchf\u00fchrt. Jede Beschwerde \u00fcber den Einheitswert oder die Einstufung des Geb\u00e4udes ist bei der Abteilung f\u00fcr Immobilienbewertungen der Steuerbeh\u00f6rde einzureichen.<\/p>\n<p style=\"text-align: justify;\">Die Gemeinde stellt jedes Jahr eine Rechnung mit dem zu bezahlenden Betrag und dessen Ablaufdatum aus. Jeder, der am 1. Januar Besitzer eines Geb\u00e4udes ist, ist verpflichtet die Grundsteuer f\u00fcr ein ganzes Jahr zu zahlen.<\/p>\n<\/div>\n<h3 style=\"text-align: justify;\">___________________________<\/h3>\n<h3>Kontakt<\/h3>\n<h4><b class=\"b3\">Gemeindeeinnehmer:\u00a0<\/b>Stephan Werthessen<br \/>\nTel: 83 48 21 &#8211; 24<br \/>\nPlace Vic. Abens\u00a0 L-9410 Vianden<\/h4>\n<p>E-Mail: <a href=\"mailto:stephan.werthessen@old-vianden.digitalvision.lu\" target=\"_blank\" rel=\"noopener\">stephan.werthessen@old-vianden.digitalvision.lu<\/a><\/p>\n","protected":false},"excerpt":{"rendered":"<p>Die Gemeindekasse Die kommunale Kasse bezahlt die Ausgaben der Stadt und treibt die Einzahlungen ein, die der Stadt beschuldet sind. Es ist im Interesse beider Parteien, Schuldner und Gemeinde, dass alle Zahlungen nach M\u00f6glichkeit per \u00dcberweisung oder Zahlung auf eines der folgenden Konten erfolgen: CCPL: LU95 1111 0107 0838 0000 \u00a0\u00a0\u00a0\u00a0\u00a0\u00a0\u00a0\u00a0\u00a0\u00a0\u00a0\u00a0\u00a0\u00a0\u00a0\u00a0\u00a0\u00a0 BILL: LU54 0028 1280&hellip;<\/p>\n","protected":false},"author":3,"featured_media":0,"parent":0,"menu_order":0,"comment_status":"closed","ping_status":"closed","template":"","meta":[],"class_list":["post-15389","page","type-page","status-publish","hentry","description-off"],"translation":{"provider":"WPGlobus","version":"2.12.2","language":"de","enabled_languages":["de","fr"],"languages":{"de":{"title":true,"content":true,"excerpt":false},"fr":{"title":true,"content":true,"excerpt":false}}},"publishpress_future_action":{"enabled":false,"date":"2026-04-14 22:47:27","action":"change-status","newStatus":"draft","terms":[],"taxonomy":""},"_links":{"self":[{"href":"https:\/\/old-vianden.digitalvision.lu\/index.php?rest_route=\/wp\/v2\/pages\/15389","targetHints":{"allow":["GET"]}}],"collection":[{"href":"https:\/\/old-vianden.digitalvision.lu\/index.php?rest_route=\/wp\/v2\/pages"}],"about":[{"href":"https:\/\/old-vianden.digitalvision.lu\/index.php?rest_route=\/wp\/v2\/types\/page"}],"author":[{"embeddable":true,"href":"https:\/\/old-vianden.digitalvision.lu\/index.php?rest_route=\/wp\/v2\/users\/3"}],"replies":[{"embeddable":true,"href":"https:\/\/old-vianden.digitalvision.lu\/index.php?rest_route=%2Fwp%2Fv2%2Fcomments&post=15389"}],"version-history":[{"count":17,"href":"https:\/\/old-vianden.digitalvision.lu\/index.php?rest_route=\/wp\/v2\/pages\/15389\/revisions"}],"predecessor-version":[{"id":22982,"href":"https:\/\/old-vianden.digitalvision.lu\/index.php?rest_route=\/wp\/v2\/pages\/15389\/revisions\/22982"}],"wp:attachment":[{"href":"https:\/\/old-vianden.digitalvision.lu\/index.php?rest_route=%2Fwp%2Fv2%2Fmedia&parent=15389"}],"curies":[{"name":"wp","href":"https:\/\/api.w.org\/{rel}","templated":true}]}}